 101. What is the units digit of n(13)?
6
Let z(q) = q**3 + 11*q**2 + q + 17. Let o be z(-11). Suppose 5*c = -5*h + 170, o*h - 3*h - 98 = -4*c. What is the units digit of h?
8
Suppose -2*d + 5*p - 2 = -d, -2*p + 4 = -2*d. Let q(r) = 11*r**2 + 4*r + 1. What is the units digit of q(d)?
7
Let u(f) = 39*f**3 - 3*f**2 + 4*f - 2. What is the units digit of u(2)?
6
Suppose -5*n + 6136 + 114 = 0. Suppose 0 = -11*f + 719 + n. What is the hundreds digit of f?
1
Suppose 5320 = -92*j + 97*j. What is the tens digit of j?
6
Let w(p) = 3*p + 3*p - 108*p**2 + 130*p**2 - 10. What is the hundreds digit of w(3)?
2
Let y(f) = 13 + 1 + 7 + 8*f - 1. What is the tens digit of y(6)?
6
Suppose -32*g - 180 = -29*g. Let b = g - -109. What is the units digit of b?
9
Suppose -s + 3*f - 949 = -6891, 0 = -3*s + 2*f + 17861. What is the hundreds digit of s?
9
What is the hundreds digit of (1996/(-6))/(4/(-6))?
4
Let o(m) = 6*m + 10. Let l = -19 - -41. Suppose -2*w + l + 0 = 0. What is the units digit of o(w)?
6
Let t(r) = r**2 + 6*r - 3. Let i be t(-6). Let a(b) = b**2 + 3*b + 3. Let h be a(i). Suppose 16 = -h*k + 5*k. What is the units digit of k?
8
Let w be (28/21)/(8/30). What is the hundreds digit of (-2)/w - (11940/25)/(-4)?
1
Suppose 0 = -8*p + 2*p + 1782. What is the units digit of p?
7
Let s(v) = -4*v**2 - 4*v - 12. Let y be s(-6). Let k = y - -216. What is the tens digit of k?
8
Let g = 9 + -10. Let o be 10/(g + 3/1). Suppose q + 38 = o*x, 43 = x + 3*x - 5*q. What is the units digit of x?
7
Let t(j) = 4*j**2 - 9*j - 9. Let a(m) = m**2 + m. Let s(w) = -5*a(w) + t(w). Suppose -2*l + 2*r = -3*l - 7, -3*l = 4*r + 25. What is the tens digit of s(l)?
2
Let z(j) = 7*j - 140. Let v be z(21). Suppose -147 + 495 = -4*o. What is the tens digit of (1 + o)*v/(-14)?
4
Let j = -1535 + 3031. What is the thousands digit of j?
1
Let i = -14 + 25. Suppose -i = -f + 4. Let c = 37 - f. What is the units digit of c?
2
Suppose -k + 0*k = 3*c + 10, -3*c = -3*k + 30. Suppose 14 + 6 = k*l. Suppose -11 = l*z - 175. What is the units digit of z?
1
Suppose -5*u + 8 = -z - 10*u, -2*z = -4*u - 12. Suppose 46 + 48 = z*p. Let v = 71 - p. What is the units digit of v?
4
Let a(j) = -195*j + 52. What is the units digit of a(-3)?
7
Let p(x) = x**3 + 8*x**2 + 2*x - 10. Let r be (-5)/2*70/25. Let h be p(r). Suppose -3*d + h = -59. What is the units digit of d?
8
Suppose 13*c + 18 = 11*c. Let x(r) be the second derivative of r**4/12 + 7*r**3/6 + 5*r**2/2 + r. What is the tens digit of x(c)?
2
Suppose 0 = -g - 5*c - 12, -3*g - c - 36 = -4*c. What is the units digit of (-1 + 3)/(g/(-426))?
1
Suppose -2*c = -3*d + 25, d - 15 = -d + c. Suppose 689 + 32 = d*i - a, 4 = -4*a. What is the units digit of i?
4
What is the hundreds digit of 231 + ((-247)/52 - (-3)/4)?
2
Suppose 0 = 2*b - 5*b - 3. Let u be 14/(-4)*(b + -9). Suppose 3*s - 2*s - u = 0. What is the tens digit of s?
3
Suppose -7*j + 588 = q - 9*j, -4*q = -5*j - 2340. What is the hundreds digit of q?
5
What is the hundreds digit of 29673/(-36)*(-48)/18?
1
Let f(p) = 5*p**3 - p**2 + 36*p + 30. Let w(b) = 2*b**3 + 12*b + 10. Let a(y) = 3*f(y) - 8*w(y). What is the tens digit of a(-6)?
4
Let x = 21 + -19. Let k be ((-2)/4)/(x/(-16)). Suppose 4*w + 144 = k*p, 0 = p - 3*w - w - 24. What is the tens digit of p?
4
What is the thousands digit of ((-10)/(-5))/(-8 - -12)*2114?
1
Let j(t) = -t**3 - 7 - 9*t**2 + 4 - 6*t + 22*t - 2. What is the units digit of j(-11)?
1
Let c(f) = -51*f - 4. Let i(u) = -u**3 - u**2 - 1. Let t be i(-1). What is the units digit of c(t)?
7
Suppose 0 = 7*y - 2*y + 80. Let u be (15/(-12))/(4/y). Suppose -9*f + 72 = -u*f. What is the tens digit of f?
1
Let n = 369 - 181. Let t = -46 + n. What is the hundreds digit of t?
1
Suppose 5*f - 5 = -0*f, -v + f = -32. Suppose -2*c + c + v = 0. What is the tens digit of c?
3
Suppose 0 = -2*t + 3*m + 2369, 0 = -4*t - 3*m + 4292 + 491. What is the hundreds digit of t?
1
Let m(v) = -v + 14. Let u be m(9). Let l = u + -3. What is the units digit of l?
2
Let c(o) = -2656*o + 49. What is the tens digit of c(-1)?
0
Let i(x) = 2*x**3 - 54*x**2 + 27*x + 28. What is the units digit of i(27)?
7
Let r(h) = 31*h + 1. Let n be r(1). Let g be (n/(-24))/(1/3). Let i(l) = 2*l**2 + 6*l + 3. What is the units digit of i(g)?
1
Suppose -4*p = -3*p + 12. Let i = 6 + p. Let k = i + 17. What is the units digit of k?
1
Suppose 169*n = 176*n - 19908. What is the tens digit of n?
4
Let t be 2/(-6) - (-64)/(-6). Let l be (-256)/(-48)*(-9)/(-4). What is the tens digit of (-647)/t + l/66?
5
Let l(g) be the third derivative of 0 + 0*g + 1/20*g**5 - 1/24*g**4 + 1/6*g**3 + 3*g**2. What is the tens digit of l(-2)?
1
Suppose 80 = 4*u + 2*x - 0*x, 5*x = -3*u + 74. Let z(k) = 4*k + 23. What is the units digit of z(u)?
5
Let j(f) = -f**2 - f + 3. Let z be j(0). Suppose -71 - 187 = -z*r. Suppose -5*h = -4*v + 248, -v = h + 15 - r. What is the tens digit of v?
6
Suppose 46*v = 58*v - 8496. What is the units digit of v?
8
Suppose -4*i + 2*o + 44 = -24, -4*o + 56 = 4*i. Let k(x) = x**3 - 15*x**2 - 15*x - 6. What is the units digit of k(i)?
0
Suppose 15*c - 6*c - 3213 = 0. What is the units digit of c?
7
Suppose -4*t + 48 = 4*j, 2*t + 15 = -t. Let n(b) = -3 - 16*b + 7 + j*b. What is the tens digit of n(9)?
1
Let p = -6 + -35. Let w = p + 72. What is the units digit of w?
1
Let l(j) = 16*j + 7. Let i be l(-7). Let y = -150 - i. Let t = 72 + y. What is the units digit of t?
7
Let q = 69 - -115. What is the tens digit of q?
8
Let u(r) = -r**2 + 5*r + 2. Let s be u(5). Suppose 4*h = -3*x - 82, s*h - 34 - 90 = 4*x. What is the units digit of (x/25)/(2/(-15))?
9
Let p(f) = -f**2 - 8*f - 2. Suppose 5*l - 20 = -0*l. Suppose -4*z + 2 = -2*x, -z - l = x - 0. What is the units digit of p(x)?
3
Suppose 16*s - 4351 - 1537 = 0. What is the units digit of s?
8
Let s be (0 - -4) + 7/((-56)/(-3016)). Let h = s - 193. What is the tens digit of h?
8
Let r = -143 - -328. Let z = r + -55. What is the hundreds digit of z?
1
Let n = 199 + -205. Let u(l) be the third derivative of -l**4/6 - 11*l**3/6 + 2*l**2. What is the tens digit of u(n)?
1
Let h = -233 + 286. What is the tens digit of h?
5
Let d(u) = 5*u**3 - 15*u**2 - 30*u - 9. Let i(m) = m**3 - 3*m**2 - 6*m - 2. Let v(x) = -2*d(x) + 11*i(x). What is the tens digit of v(5)?
1
Suppose 6*d - 2*d = 2460. Suppose 4*q + 2*c = -225 + d, -2*q + 190 = 2*c. Suppose 0*m + q = 2*m. What is the units digit of m?
0
Suppose 2*i = 206 + 1124. What is the tens digit of i?
6
Suppose 0 = q - 0*q - 393. What is the tens digit of q?
9
Let b = -190 + 72. Let g = -34 - b. What is the units digit of g?
4
Let o = 9 - 9. Suppose 0 = x - o*x + 11. Let q(r) = r**2 + 10*r - 3. What is the units digit of q(x)?
8
Let l = 1600 + -1129. What is the hundreds digit of l?
4
Suppose 0 = -c + d + 5206, 2*d - 4674 + 20295 = 3*c. What is the tens digit of c?
0
Suppose 4*c = v + 17, 0 = -4*c + 5*v - 12 + 49. Let j(i) = 2*i**3 + 3*i**2 - 4. Let l be j(c). Let m = l + -38. What is the units digit of m?
9
Let c = -2 - -9. Let t = c - 7. Suppose 5*q - 15 = -t. What is the units digit of q?
3
Let q be (2*34)/((-4)/(-4)). Suppose 0 = g + 4*n - q, -3*n - 2*n = -25. Suppose -2*r + g = r. What is the tens digit of r?
1
Let t(x) = -x**3 - 26*x**2 + 18*x + 50. Let c be t(-27). Suppose -q + 2*y = -0*q - c, -q + 293 = 4*y. What is the units digit of q?
3
Let m(w) = 3*w**2 + 71*w - 56. What is the tens digit of m(-37)?
2
Suppose -4*u - 2*i = 36, 49*i + 44 = -5*u + 47*i. Let c(z) = 4*z + z**2 + 6 - 2*z + 9. What is the units digit of c(u)?
3
Let y be -1 + 4 + -21 + 22. Suppose -y*l + 360 = -0*l. What is the units digit of l?
0
Suppose 4*d - 3083 = 3*w, -d - 2*d - 3*w = -2307. Suppose -5*v - 70 = -d. Suppose 7*f = 3*f + v. What is the tens digit of f?
3
Let r be (28/(-21))/(1 + 51/(-45)). What is the tens digit of (-2)/r + (-382)/(-10) + 1?
3
Let p(x) = -2*x**3 + 13*x**2 + 26*x + 59. What is the tens digit of p(-9)?
3
Let r be ((-28)/18)/(-7)*9. Suppose -r*o = o - 15. Suppose o*h = 59 + 46. What is the tens digit of h?
2
Let z(w) = 2 + 0 - 5*w + 10*w + 3. What is the units digit of z(3)?
0
Suppose -k + 4*x - 1 = 0, 2*k - 1 - 1 = 4*x. What is the tens digit of 12/(k - 7) - -43?
4
Suppose -5*t - 4*b = -40, b = -3*t - 0*b + 17. Suppose -t*y - 5*a + a + 8 = 0, 0 = 5